262
Calculate the greatest common divisor of 4 and 23589.
1
What is the highest common divisor of 60 and 1300?
20
What is the greatest common factor of 61 and 2826496?
61
Calculate the greatest common factor of 3030 and 86.
2
What is the highest common divisor of 35798 and 846367?
2557
Calculate the highest common factor of 77565 and 15.
15
What is the highest common divisor of 52150 and 25?
25
Calculate the highest common divisor of 378 and 6174.
126
What is the greatest common factor of 12 and 332528?
4
What is the highest common factor of 99051 and 3?
3
What is the greatest common factor of 2074 and 6341?
17
What is the highest common divisor of 3150 and 28126?
14
Calculate the highest common divisor of 793115 and 1905.
635
What is the highest common factor of 77 and 703560?
11
Calculate the highest common factor of 76291 and 322.
23
What is the highest common divisor of 16 and 26674?
2
Calculate the highest common factor of 82222 and 2.
2
What is the greatest common divisor of 136 and 239462?
34
Calculate the highest common divisor of 265784 and 8.
8
Calculate the highest common factor of 208 and 154288.
16
What is the greatest common divisor of 41088 and 27927?
321
Calculate the greatest common factor of 112 and 85316.
28
What is the greatest common factor of 2121120 and 45?
45
What is the highest common divisor of 128763 and 7182?
513
Calculate the greatest common divisor of 1220 and 369904.
244
What is the highest common factor of 687717 and 378?
27
What is the greatest common factor of 70 and 51710?
10
What is the highest common factor of 149523 and 33?
33
Calculate the highest common divisor of 10390 and 10.
10
Calculate the highest common factor of 112 and 2173136.
112
Calculate the highest common divisor of 569912 and 56.
56
What is the greatest common divisor of 1096 and 72062?
274
Calculate the greatest common factor of 1 and 200597.
1
Calculate the highest common divisor of 3397 and 1247.
43
What is the highest common divisor of 67394 and 17980?
62
Calculate the highest common divisor of 9440 and 65440.
160
What is the greatest common factor of 73139 and 6039?
671
Calculate the greatest common divisor of 61721 and 7502.
341
What is the greatest common factor of 753210 and 60?
30
What is the highest common factor of 244638 and 72?
18
What is the greatest common divisor of 8 and 65888?
8
What is the greatest common divisor of 158690 and 2695?
35
What is the highest common factor of 10 and 1023970?
10
What is the greatest common divisor of 5963 and 116111?
67
Calculate the highest common factor of 236 and 13924.
236
What is the highest common divisor of 880 and 2145?
55
What is the highest common divisor of 13221 and 204191?
1469
Calculate the highest common factor of 40014 and 28215.
513
Calculate the highest common factor of 805 and 8211.
161
Calculate the highest common divisor of 2195 and 593528.
439
What is the greatest common divisor of 506 and 13706?
22
Calculate the greatest common divisor of 54 and 55053.
27
Calculate the highest common divisor of 2804 and 32.
4
What is the greatest common factor of 1455500 and 1250?
250
Calculate the greatest common divisor of 25 and 52225.
25
What is the greatest common divisor of 344 and 160?
8
Calculate the greatest common factor of 54480 and 7536.
48
What is the highest common factor of 93545 and 20?
5
Calculate the highest common divisor of 1880 and 41120.
40
What is the greatest common divisor of 142952 and 15836?
428
Calculate the highest common factor of 21218 and 4326.
206
Calculate the greatest common divisor of 105 and 1400.
35
What is the highest common divisor of 5341 and 109?
109
What is the highest common factor of 152 and 274?
2
What is the highest common divisor of 2718 and 3618?
18
Calculate the greatest common divisor of 2240 and 3955.
35
Calculate the highest common divisor of 970 and 300.
10
Calculate the greatest common factor of 748 and 161908.
68
What is the greatest common factor of 2 and 181?
1
Calculate the highest common divisor of 3608 and 101288.
88
What is the greatest common factor of 4947 and 16878?
291
What is the highest common factor of 251931 and 1185?
237
What is the greatest common divisor of 5586 and 2470?
38
What is the highest common factor of 17174 and 31?
31
Calculate the greatest common factor of 14 and 20493312.
14
What is the greatest common factor of 2574 and 6094?
22
Calculate the highest common divisor of 48324 and 216.
12
Calculate the highest common factor of 57205 and 5355.
85
Calculate the greatest common divisor of 81153 and 994.
71
Calculate the highest common divisor of 7208 and 1564.
68
Calculate the greatest common factor of 47136 and 128.
32
What is the greatest common factor of 52794 and 9?
9
What is the highest common factor of 295626 and 18?
6
What is the highest common divisor of 24 and 85227?
3
What is the greatest common divisor of 667843 and 9592?
1199
Calculate the highest common factor of 4806 and 210930.
534
Calculate the highest common divisor of 77794 and 8822.
802
Calculate the highest common factor of 15 and 206007.
3
Calculate the greatest common factor of 6380 and 32596.
116
Calculate the greatest common factor of 17 and 70329.
17
Calculate the greatest common divisor of 48 and 48624.
48
Calculate the greatest common divisor of 152 and 51110.
38
What is the highest common divisor of 80 and 4240?
80
Calculate the highest common divisor of 1575764 and 68.
68
What is the greatest common divisor of 42 and 208824?
42
Calculate the greatest common factor of 1503552 and 2952.
984
Calculate the highest common factor of 118965 and 5159.
77
Calculate the highest common factor of 2049392 and 46.
46
Calculate the greatest common factor of 24 and 823704.
24
Calculate the highest common factor of 15555 and 465735.
915
What is the highest common divisor of 272 and 38539?
17
Calculate the highest common factor of 110780 and 406.
58
What is the highest common factor of 275 and 3569225?
275
What is the greatest common factor of 369 and 763461?
369
What is the highest common factor of 9855 and 2619?
27
What is the greatest common divisor of 4199 and 486761?
323
Calculate the greatest common divisor of 928517 and 2051.
293
Calculate the greatest common factor of 15463 and 2585.
47
Calculate the greatest common divisor of 1411484 and 8.
4
Calculate the greatest common factor of 200 and 43950.
50
What is the greatest common factor of 165 and 1353759?
33
What is the highest common divisor of 40 and 288760?
40
Calculate the highest common divisor of 663 and 53703.
663
Calculate the greatest common factor of 180 and 583002.
18
Calculate the highest common divisor of 65280 and 4590.
510
Calculate the highest common factor of 14416 and 458609.
901
Calculate the greatest common factor of 1 and 8147.
1
What is the highest common factor of 144 and 12996?
36
What is the highest common factor of 8 and 1547144?
8
Calculate the greatest common divisor of 226936 and 988.
76
Calculate the highest common factor of 52 and 717431.
13
Calculate the highest common divisor of 136610 and 1520.
190
What is the highest common divisor of 2552 and 1452?
44
Calculate the greatest common factor of 1248 and 2429544.
312
What is the highest common factor of 4687984 and 2128?
2128
What is the greatest common factor of 8003 and 3445?
53
Calculate the greatest common divisor of 575 and 264155.
115
Calculate the greatest common factor of 5754483 and 405.
81
What is the highest common factor of 4183 and 2848?
89
Calculate the highest common factor of 55226 and 4689.
521
What is the greatest common divisor of 4770 and 5470?
10
Calculate the greatest common factor of 475 and 23085.
95
What is the greatest common factor of 410 and 5345170?
410
Calculate the greatest common factor of 604 and 264854.
302
What is the greatest common divisor of 59 and 148739?
59
Calculate the greatest common factor of 105659 and 268.
67
Calculate the highest common factor of 3720 and 41664.
744
What is the highest common divisor of 30 and 580035?
15
Calculate the highest common factor of 1825 and 1876465.
365
Calculate the greatest common divisor of 1809 and 133799.
67
What is the highest common divisor of 10598 and 84?
14
Calculate the highest common divisor of 630 and 337050.
630
What i